e
Is 53034069 a multiple of 613?
False
Is 41528137 a multiple of 14?
False
Does 79 divide 147919068?
False
Is 3 a factor of 59372428?
False
Is 406 a factor of 14440202?
True
Does 1597 divide 1083572485?
True
Is 115 a factor of 3752220?
True
Is 430 a factor of 81343530?
True
Does 3 divide 793066930?
False
Is 926541000 a multiple of 2200?
True
Is 498491364 a multiple of 3164?
True
Is 1617672370 a multiple of 1592?
False
Does 31 divide 65659209?
True
Is 2138 a factor of 17016774?
False
Is 108824593 a multiple of 426?
False
Is 1838500 a multiple of 20?
True
Does 1123 divide 34864160?
False
Is 947103760 a multiple of 167?
True
Does 394 divide 96144668?
True
Is 17 a factor of 29389556?
False
Is 8101 a factor of 1112089078?
True
Is 14 a factor of 19297144?
False
Is 80 a factor of 20680960?
True
Is 4 a factor of 40056204?
True
Is 143612044 a multiple of 17?
False
Is 247 a factor of 16967171?
True
Does 44 divide 345502388?
True
Is 27569710 a multiple of 1634?
False
Is 22 a factor of 55256455?
False
Is 2717071110 a multiple of 8?
False
Is 14056711 a multiple of 238?
False
Is 2652866419 a multiple of 41?
True
Does 1835 divide 1121884135?
True
Is 4 a factor of 83747336?
True
Is 1015762866 a multiple of 9209?
False
Does 150 divide 76178530?
False
Is 23985640 a multiple of 85?
True
Does 529 divide 61452343?
True
Is 400 a factor of 130809600?
True
Is 114961538 a multiple of 60?
False
Is 20570039 a multiple of 17?
False
Is 629 a factor of 287041005?
True
Does 17 divide 199489849?
True
Is 2505 a factor of 199142490?
True
Is 126 a factor of 81974466?
True
Is 345095190 a multiple of 66?
True
Is 28297153 a multiple of 42?
False
Is 2815497 a multiple of 921?
True
Does 239 divide 14181782?
True
Is 3773739 a multiple of 2777?
False
Is 53 a factor of 21768690?
True
Does 23 divide 309952972?
False
Does 45 divide 1407624235?
False
Is 1541632 a multiple of 8?
True
Does 1640 divide 89872845?
False
Is 2090 a factor of 193101370?
True
Does 740 divide 566768960?
True
Is 232 a factor of 227674824?
True
Is 2849 a factor of 38464349?
True
Is 77106120 a multiple of 65?
True
Is 30293400 a multiple of 580?
True
Is 5384 a factor of 211477657?
False
Does 71 divide 113526003?
False
Is 8602 a factor of 1248063924?
False
Does 933 divide 925446968?
False
Is 3744 a factor of 1063033920?
True
Is 220890582 a multiple of 18?
True
Is 14 a factor of 4569244003?
False
Is 36 a factor of 4482037656?
True
Is 12 a factor of 85047493?
False
Is 435 a factor of 10575048?
False
Is 2962 a factor of 1306307164?
True
Is 1081690580 a multiple of 20?
True
Is 20229878 a multiple of 21?
False
Is 76201714 a multiple of 22?
False
Does 433 divide 12490318?
True
Is 77427546 a multiple of 3507?
True
Is 8432 a factor of 2105332091?
False
Is 348668247 a multiple of 1069?
True
Does 5 divide 9887805?
True
Is 1247 a factor of 103600760?
True
Does 440 divide 52754680?
True
Is 39897255 a multiple of 242?
False
Is 501 a factor of 49045273?
False
Does 377 divide 9258549?
False
Is 107 a factor of 51926779?
True
Is 53 a factor of 27338831?
True
Is 5 a factor of 211188360?
True
Does 8 divide 97734712?
True
Is 4 a factor of 13542857?
False
Is 14 a factor of 731203228?
True
Is 54782112 a multiple of 154?
True
Is 7901228 a multiple of 2?
True
Is 13 a factor of 6004965?
False
Is 401043358 a multiple of 95?
False
Does 21 divide 15846424?
False
Is 64 a factor of 282964016?
False
Does 55 divide 351965460?
True
Does 4 divide 11941548?
True
Does 731 divide 14007689?
False
Is 4576611 a multiple of 39?
True
Does 347 divide 52998121?
False
Does 94 divide 43408829?
False
Does 15 divide 46982985?
True
Is 112341570 a multiple of 10?
True
Does 3437 divide 374004029?
True
Does 349 divide 340959389?
True
Is 177 a factor of 282749897?
False
Is 84902683 a multiple of 9?
False
Is 370058112 a multiple of 864?
True
Does 131 divide 179933197?
False
Is 35 a factor of 24291855?
True
Is 173325489 a multiple of 17?
True
Is 1603789110 a multiple of 45?
True
Is 373 a factor of 249311386?
False
Is 1295 a factor of 1894833?
False
Does 47 divide 61872868?
True
Is 49 a factor of 66996796?
False
Does 457 divide 10963127?
False
Is 9419526080 a multiple of 31?
True
Is 1686449 a multiple of 735?
False
Is 691558239 a multiple of 8?
False
Is 1127 a factor of 23339727?
False
Does 184 divide 33596192?
True
Does 565 divide 76232060?
True
Is 58 a factor of 106392648?
True
Does 2867 divide 178018987?
False
Is 139396762 a multiple of 134?
False
Does 63 divide 738880191?
True
Does 146 divide 9827251?
False
Is 22 a factor of 1622324?
True
Does 3308 divide 145482532?
True
Is 31887543 a multiple of 267?
True
Does 2283 divide 27360115?
False
Does 3530 divide 2075224413?
False
Does 810 divide 528136702?
False
Does 144 divide 33499104?
False
Is 70 a factor of 367702153?
False
Does 12 divide 268988892?
True
Does 122 divide 86426874?
True
Is 57 a factor of 48989395?
False
Does 1134 divide 28133648?
False
Is 30 a factor of 10667880?
True
Is 414038105 a multiple of 5045?
True
Is 5044 a factor of 256907963?
False
Is 69549928 a multiple of 28?
True
Is 235 a factor of 338611564?
False
Is 2393827 a multiple of 12?
False
Is 233 a factor of 1315518?
True
Is 12 a factor of 7524618?
False
Is 8 a factor of 186235016?
True
Does 324 divide 32026251?
False
Does 260 divide 129617014?
False
Is 27731070 a multiple of 588?
False
Is 13 a factor of 774080372?
True
Is 9999 a factor of 1331866800?
True
Does 2 divide 162667744?
True
Does 1382 divide 236786352?
True
Does 883 divide 32858107?
False
Is 859 a factor of 72785647?
True
Is 203 a factor of 177315019?
True
Is 1593 a factor of 1242138564?
True
Is 33040753 a multiple of 257?
False
Is 34 a factor of 22660080?
False
Is 77032334 a multiple of 174?
False
Does 32 divide 164617398?
False
Is 19932515 a multiple of 5?
True
Is 103361665 a multiple of 6215?
True
Is 30 a factor of 283669809?
False
Is 1516133862 a multiple of 54?
True
Does 40 divide 79134281?
False
Is 250335191 a multiple of 2551?
False
Does 33 divide 851164752?
False
Is 8 a factor of 331189257?
False
Does 254 divide 111767112?
True
Does 69 divide 20745609?
True
Does 12 divide 74978451?
False
Is 133907600 a multiple of 4011?
False
Is 55101934 a multiple of 2978?
True
Is 69 a factor of 162219061?
False
Does 76 divide 10236267?
False
Is 1393236666 a multiple of 54?
True
Is 1060648750 a multiple of 602?
True
Does 30 divide 23905505?
False
Is 331824726 a multiple of 3979?
True
Is 520557366 a multiple of 42?
True
Is 311728372 a multiple of 101?
False
Does 14 divide 14184496?
False
Is 5604446 a multiple of 107?
True
Does 11119 divide 2469713377?
False
Does 398 divide 1309998969?
False
Does 23 divide 10719374?
False
Is 440 a factor of 300928886?
False
Is 313714842 a multiple of 21?
True
Does 53 divide 1919478740?
True
Is 271 a factor of 10499039?
False
Is 165 a factor of 36889554?
False
Is 144004089 a multiple of 80?
False
Does 219 divide 803072430?
False
Does 33 divide 61855028?
False
Does 32 divide 9043296?
True
Is 85 a factor of 21444480?
True
Is 130096129 a multiple of 1243?
False
Is 606 a factor of 1353939153?
False
Is 86 a factor of 628512707?
False
Does 438 divide 1139179308?
True
Does 56 divide 72385622?
False
Does 16 divide 25017635?
False
Is 32 a factor of 228054818?
False
Does 7994 divide 1017364404?
True
Does 30 divide 364052624?
False
Is 4641 a factor of 77657853?
True
Is 78 a factor of 413051252?
False
Is 161 a factor of 1229250456?
True
Is 1079 a factor of 3817528?
False
Is 48152708 a multiple of 997?
False
Does 20 divide 70962300?
True
Is 865693473 a multiple of 406?
False
Is 18031540 a multiple of 92?
True
Does 504 divide 877846032?
True
Does 125 divide 2359070750?
True
Is 509966479 a multiple of 3509?
True
Is 605289632 a multiple of 92?
False
Is 59 a factor of 281451595?
False
Is 72 a factor of 51655627?
False
Is 202 a factor of 283849070?
False
Is 571 a factor of 164813274?
False
Is 127 a factor of 395463903?
True
Is 49 a factor of 12164691?
True
Is 1911283080 a multiple of 210?
True
Is 120 a factor of 2000713404?
False
Is 10 a factor of 36080590?
True
Does 5137 divide 1002521509?
True
Is 110 a factor of 1362110640?
True
Is 25 a factor of 187836217?
False
Is 789337274 a multiple of 33?
False
Is 424760246 a multiple of 1587?
False
Is 133770359 a multiple of 35?
False
Does 1